*g. Is v prime?
False
Let y(i) be the first derivative of 4*i**3/3 - 7*i**2/2 + 32*i - 2. Is y(-9) prime?
True
Is (23/(2300/(-116925)))/((-6)/136) prime?
False
Let o = 4603807 + -2014706. Is o composite?
False
Suppose -v - 2 = -2*m, -9*m + 7*m = 4*v - 2. Is -1*(5 + m) + 2469 a prime number?
False
Let p(n) = -3*n + 36. Let m be p(5). Is (1724/7)/(6/m) prime?
False
Let o = 136499 - 69676. Is o prime?
False
Let t(d) = 4*d**3 - 9*d - 14. Let o be t(-5). Is 74/(((-4)/(-10))/(o/(-35))) a composite number?
True
Let o(d) = 51*d**3 - 14*d**2 + 4*d - 324. Is o(15) a composite number?
True
Let l = 195763 - 101660. Is l a prime number?
False
Suppose -4*d + 384 = -0*d - 4*r, 0 = -3*d - 2*r + 303. Let a = -52 + 72. Suppose -b = -d + a. Is b composite?
False
Suppose 7*p = -25 - 10. Let d be 12/15 - 11/p. Suppose 900 = d*x - 3*l, 4*l - 1175 = -4*x + 3*l. Is x a prime number?
False
Let j(b) = -b**3 + 4*b**2 + 14*b - 8. Let f be j(6). Suppose 2*h + 3654 = f*h - 4*o, -5*o + 3690 = 2*h. Is h prime?
False
Suppose -2*z - 5*c - 662 = -6*z, -678 = -4*z - 3*c. Let s = -324 + z. Let i = 262 + s. Is i composite?
True
Let a(g) = 54*g**3 - 10*g**2 + 5*g - 12. Let v be a(-8). Let r = 39902 + v. Let t = -7619 + r. Is t prime?
True
Let u = 5079 + -2576. Is u a composite number?
False
Let q = -361351 - -600552. Is q prime?
True
Suppose 2382325 = 31*s - 3076682. Is s a composite number?
True
Let i = 110 + -108. Let d = -19 + 21. Suppose 1213 = 4*g + 3*t, i*g = 4*g - d*t - 596. Is g a composite number?
True
Let w be (-23163138)/(-930) - 1/(-5)*2. Let d = 33910 + w. Is d a prime number?
False
Let i(p) = -2*p**3 - 2*p**2 - 10. Let g(t) = t**3 + 3*t**2 - t + 9. Let r(f) = -3*g(f) - 2*i(f). Let w be r(5). Suppose -12*s + 44 = -w*s. Is s composite?
False
Let u(r) = 34130*r - 3385. Is u(4) composite?
True
Suppose 25 = 3*h + 2*h. Let r(o) = 95*o**2 - 12*o - 5. Let a be r(-6). Suppose q - 2*y - 701 = y, 3*y - a = -h*q. Is q a prime number?
False
Let y = -63 - -78. Let z(f) = 30 + 30*f**2 - 3*f - y - 8 + 122*f**2. Is z(3) composite?
True
Let b(a) = -3*a - 72*a**3 + 5 + 2*a**2 - 2*a + 8*a. Let g be -3 + (-1 - 3) + 5. Is b(g) prime?
False
Suppose -492075 = -24*r + 2545149. Is r prime?
True
Let z = 698 + -704. Is 6124780/260 + z/(-39) a composite number?
False
Suppose 2*v - 10750 = -s + 15747, -26487 = -2*v - 3*s. Suppose 0 = y - 8*y + v. Is 0 + (y*-4)/(-6) a composite number?
True
Suppose -62*b = 17*b - 11367863. Is b prime?
False
Suppose 24*s = 68*s - 14344. Is ((5 + s)*-67)/(-7 + 6) composite?
True
Suppose -6393 - 110883 = 6*w. Let b = w - -30779. Is b a composite number?
True
Let i be (-80)/(-15) - 4/3. Suppose -4*w = 4*z - 5283 - 2941, 0 = -w + i*z + 2076. Suppose -6552 = -4*f + w. Is f composite?
False
Suppose -2*f = -21981 - 15073. Suppose 5*m = -3832 + f. Is m prime?
True
Let q be (1 - 2) + 0 - (-3 + 8). Is (-2)/q - 306680/(-30) composite?
False
Let p(b) = b**3 + 18*b**2 + 35*b + 12. Let w be p(-16). Let t = w - -34. Let l(g) = 398*g**2 + 6*g + 3. Is l(t) composite?
False
Suppose -42*g + 10753235 + 17041945 = 18*g. Is g a prime number?
False
Let o(n) = 1794*n**2 - 30*n + 95. Is o(-8) composite?
False
Let s(f) = -9*f + 32. Suppose 3*d + 8 = 4*y, 0*y = 4*y + 3*d - 32. Let p be s(y). Let j(k) = -k**3 - 12*k**2 + 11*k + 21. Is j(p) a composite number?
False
Suppose -10 = -2*a, 4*i - 9*a + 1327 = -10*a. Is (-1 - -2)*(1 - 24*i) prime?
True
Let m = 4698 + -1612. Is m composite?
True
Let w = 188 - 210. Is -1065*(-5)/((-30)/w) + 2 a prime number?
True
Let k(l) = -18*l + 7*l - 22 + 6*l. Let s be k(-4). Let t(b) = 846*b**2 - 5*b - 5. Is t(s) prime?
True
Suppose -4*x = 3*n - 1, 4*x - x = -5*n + 9. Suppose -4*t = t - 3*o - 19064, 0 = -t - n*o + 3802. Is t composite?
True
Let m = 38 + -1585. Let w = m + 2920. Is w composite?
False
Suppose 0 = 5*n + 13*n + 216. Is n/(-90) - 11533*2/(-30) composite?
False
Let o(p) = -43221*p + 5608. Is o(-13) a composite number?
True
Suppose -5*f = -64*s + 63*s - 794011, 3*f - 476417 = -2*s. Is f a prime number?
True
Let p = -27 + 31. Suppose 0 = -f - 5*f + 23070. Suppose w + o - 9616 = -p*w, -2*w + o = -f. Is w composite?
True
Let m(b) = 15*b + 7. Let n(t) = -16*t - 5. Let r(a) = 5*m(a) + 4*n(a). Is r(4) a prime number?
True
Let b = 32721 + -7820. Suppose -11*v + 25248 = -b. Is v a composite number?
True
Let z(x) = -x**3 + 3*x**2 - 2. Let n be z(3). Let v be n + -2 - 27/(-3). Suppose 0 = -v*d + d + 4220. Is d a prime number?
False
Let t be (-11)/(-2) - 2/(-4). Let z = 421 - 417. Suppose 694 = t*y - z*y. Is y a composite number?
False
Is 5157*(-876)/(-18) - -5 a composite number?
False
Let j = 20 + -20. Suppose 0*w + j*w = 2*w. Suppose 1319 = -w*r + r. Is r a prime number?
True
Suppose 6*z - 12 = 3*z, -8*v + 1375340 = z. Is v prime?
True
Let i(o) = o**3 - 56*o**2 - 769*o - 256. Let z be i(69). Suppose -d + 180 = 3849. Let f = z + d. Is f prime?
False
Suppose 5*x + 30 = 65. Let g(l) = 27*l**3 - 5*l**2 - 12*l + 9. Is g(x) prime?
True
Let y(g) = -132*g**2 + 4*g - 221. Let b(z) = -66*z**2 + 2*z - 112. Let x(t) = 5*b(t) - 3*y(t). Is x(15) composite?
False
Let z(a) = -1390*a + 405. Is z(-115) a composite number?
True
Suppose 919*l = 937*l - 2599596. Is l a prime number?
False
Let o(q) = 5423*q - 42. Is o(11) prime?
True
Let n = 69 + -16. Let k = -49 + n. Suppose 3*y + 5*h = 86, 2*y - k*h = 6*y - 104. Is y a prime number?
False
Let k be 1*3 - (-2 + 5 + -4). Is -2 + (k*1 - (17 + -1648)) a composite number?
True
Suppose -2*s = 5*b - 17633, 0*s = -2*s + 4*b + 17624. Suppose 0 = 7*i - 5*i - s. Is (-14)/63 - i/(-27) prime?
True
Let u(x) be the first derivative of 3*x**4/2 + 2*x**3 - 2*x**2 + 11*x - 429. Let n(c) = 5*c**2 - 2*c - 1. Let p be n(-1). Is u(p) prime?
True
Suppose 60533 = 3*p - 4*y, 41*p - 37*p - y - 80715 = 0. Suppose -19*b - 3*d = -14*b - 33680, 3*b - 4*d = p. Is b a prime number?
True
Let t be ((-4)/6)/(2/(-306)*-6). Let b(f) = -f**3 - 17*f**2 + 15*f - 22. Let j be b(t). Let k = j + 688. Is k composite?
True
Let h = -76791 + 159512. Is h a composite number?
False
Let r = -77 + 74. Is (5 + 266/(-3))*(-6 - r) composite?
False
Let w = 13884 - 24058. Let q = -7247 - w. Is q a prime number?
True
Let i(f) = -14*f - 156. Let r be i(-12). Suppose 0 = v - 4*t - 455, -3*v + 1335 = 10*t - r*t. Is v prime?
True
Let j(i) = 0*i + 0*i - i**3 - i + 4 + 1. Let y be j(0). Suppose -y*s + 4*p + 7885 = 0, s + 5*p + 168 = 1745. Is s composite?
True
Let o = -8622 - -5018. Let p = o + 6135. Is p a composite number?
False
Suppose -r - h + 516 = 0, 3*r - h - 1550 = -2*h. Let w = 2166 - r. Is w a composite number?
True
Let x(b) = 18690*b**2 + 132*b - 395. Is x(3) composite?
False
Let y = -15435 - -27997. Let l = y + -6876. Is l prime?
False
Suppose 308777 = 1847*n - 1840*n. Is n prime?
True
Suppose -2*i = -i. Suppose 3*p = 3*s, 0*p - 4*p = i. Suppose s = -5*g - 0*g + 14215. Is g prime?
True
Let a(c) = -6*c**3 + 36*c**2 + 1201*c + 48. Is a(-47) composite?
True
Let n = 523 - 906. Let v = 402 + n. Is v composite?
False
Suppose 0 = 5*p - 2*h - 1089671, -14 = 4*h - 6*h. Is p prime?
True
Suppose -11*u = -34113 - 59354. Suppose 14*i = u + 477. Is i composite?
False
Let f(d) = 3442*d**2 + 60*d - 145. Is f(3) a composite number?
False
Let u = 46176 + -16649. Is u a composite number?
False
Suppose 3*z + 241 + 1464 = -g, -2*g = -4. Let a = z - -1695. Is (a/3)/((-2)/(-3)) composite?
False
Let r = 98908 - 34475. Is r composite?
False
Suppose 0 = 103*c - 10955172 - 46878607. Is c a composite number?
True
Is (-33)/528 + 1087620/64 - -8 prime?
False
Suppose -11*s = 52*s + 35*s - 21795494. Is s prime?
True
Let y(u) = u**3 + 1. Let i be y(-1). Let q be -5 - 3/(6/(-5392)). Suppose i = 2*t - q - 231. Is t a composite number?
True
Let j(x) = -1013*x + 5. Let w(u) = -477*u + 699 - 691 - 1042*u. Let m(v) = -8*j(v) + 5*w(v). Is m(1) composite?
False
Let t = 9457 + -1518. Is t a composite number?
True
Let f(t) = 2*t**2 - 14*t - 25. Let v(q) = 3*q**2 - 21*q - 37. Let c(r) = 7*f(r) - 5*v(r). Let w be c(5). Is 635/2 - (-30)/w a composite number?
True
Let f = -23087 + 52768. Is f composite?
True
Let x(j) = -j**2 - 21*j - 62. Let r be x(-5). Suppose 0 = -r*o + 59184 + 48258. Is o prime?
False
Let b = -32343 - -58386. Suppose -9*l + b = -23196. Is l composite?
False
Suppose 17 = -3*k - 28. Let v be 2020/k*-2*3. Le